{"id":187,"date":"2010-12-16T15:09:30","date_gmt":"2010-12-16T15:09:30","guid":{"rendered":"http:\/\/www.orsiivik.gl\/?page_id=187"},"modified":"2016-11-10T18:37:30","modified_gmt":"2016-11-10T18:37:30","slug":"eka-knive","status":"publish","type":"page","link":"http:\/\/www.orsiivik.gl\/?page_id=187","title":{"rendered":"EKA Knive"},"content":{"rendered":"<p><strong>Vi yder 10 \u00e5rs garanti p\u00e5 alle EKA knive.\u00a0<\/strong><\/p>\n<hr \/>\n<p>Model: Eka FishBlade<br \/>\nInfo: Nyhed fra Eka, fillet\/fiskekniv med bug\u00e5bner inklusiv knivskede.<br \/>\nPris: Sp\u00f8rg i butikken, email butik@orsiivik.gl eller p\u00e5 tlf. 32 83 93<br \/>\nEr kun p\u00e5 lager i disse farver: Gr\u00f8n, Orange og Gr\u00f8n<br \/>\n<a href=\"http:\/\/www.orsiivik.gl\/wp-content\/uploads\/2010\/12\/Fishblade.jpg\"><img loading=\"lazy\" decoding=\"async\" class=\"alignnone size-medium wp-image-1360\" title=\"Fishblade\" src=\"http:\/\/www.orsiivik.gl\/wp-content\/uploads\/2010\/12\/Fishblade-300x157.jpg\" alt=\"\" width=\"300\" height=\"157\" srcset=\"http:\/\/www.orsiivik.gl\/wp-content\/uploads\/2010\/12\/Fishblade-300x157.jpg 300w, http:\/\/www.orsiivik.gl\/wp-content\/uploads\/2010\/12\/Fishblade.jpg 800w\" sizes=\"auto, (max-width: 300px) 100vw, 300px\" \/><\/a><\/p>\n<hr \/>\n<p>Model: Eka Swing Blade Orange farve<br \/>\nInfo: Den ultimative jagtkniv, med bug\u00e5bner. Knivskede er inklusiv.<br \/>\nPris: Sp\u00f8rg i butikken, email butik@orsiivik.gl eller p\u00e5 tlf. 32 83 93<br \/>\n<a href=\"http:\/\/www.orsiivik.gl\/wp-content\/uploads\/2010\/12\/Swingblade-Orange.jpg\"><img loading=\"lazy\" decoding=\"async\" class=\"alignnone size-medium wp-image-1347\" title=\"Swingblade-Orange\" src=\"http:\/\/www.orsiivik.gl\/wp-content\/uploads\/2010\/12\/Swingblade-Orange-300x216.jpg\" alt=\"\" width=\"300\" height=\"216\" srcset=\"http:\/\/www.orsiivik.gl\/wp-content\/uploads\/2010\/12\/Swingblade-Orange-300x216.jpg 300w, http:\/\/www.orsiivik.gl\/wp-content\/uploads\/2010\/12\/Swingblade-Orange.jpg 800w\" sizes=\"auto, (max-width: 300px) 100vw, 300px\" \/><\/a><\/p>\n<hr \/>\n<p>Model: Eka Swing Blade Sort farve<br \/>\nInfo: Den ultimative jagtkniv, med bug\u00e5bner. Knivskede er inklusiv.<br \/>\nPris:\u00a0Sp\u00f8rg i butikken, email butik@orsiivik.gl eller p\u00e5 tlf. 32 83 93<br \/>\n<a href=\"http:\/\/www.orsiivik.gl\/wp-content\/uploads\/2010\/12\/eka_swingblade_3sort1.jpg\"><img loading=\"lazy\" decoding=\"async\" class=\"alignnone size-medium wp-image-1348\" title=\"eka_swingblade_3sort\" src=\"http:\/\/www.orsiivik.gl\/wp-content\/uploads\/2010\/12\/eka_swingblade_3sort1-300x249.jpg\" alt=\"\" width=\"300\" height=\"249\" srcset=\"http:\/\/www.orsiivik.gl\/wp-content\/uploads\/2010\/12\/eka_swingblade_3sort1-300x249.jpg 300w, http:\/\/www.orsiivik.gl\/wp-content\/uploads\/2010\/12\/eka_swingblade_3sort1.jpg 577w\" sizes=\"auto, (max-width: 300px) 100vw, 300px\" \/><\/a><\/p>\n<hr \/>\n<p>Model: Eka Swing Blade Gul farve<br \/>\nInfo: Den ultimative jagtkniv, med bug\u00e5bner. Knivskede er inklusiv.<br \/>\nPris:\u00a0Sp\u00f8rg i butikken, email butik@orsiivik.gl eller p\u00e5 tlf. 32 83 93<br \/>\n<a href=\"http:\/\/www.orsiivik.gl\/wp-content\/uploads\/2010\/12\/Swingblade-Gul.jpg\"><img loading=\"lazy\" decoding=\"async\" class=\"alignnone size-medium wp-image-1344\" title=\"Swingblade-Gul\" src=\"http:\/\/www.orsiivik.gl\/wp-content\/uploads\/2010\/12\/Swingblade-Gul-300x208.jpg\" alt=\"\" width=\"300\" height=\"208\" srcset=\"http:\/\/www.orsiivik.gl\/wp-content\/uploads\/2010\/12\/Swingblade-Gul-300x208.jpg 300w, http:\/\/www.orsiivik.gl\/wp-content\/uploads\/2010\/12\/Swingblade-Gul.jpg 800w\" sizes=\"auto, (max-width: 300px) 100vw, 300px\" \/><\/a><\/p>\n<hr \/>\n<p>Model: Eka Swede 10 Orange<br \/>\nInfo: Dejlig fritids lommekniv med solidt gummigreb.<br \/>\nPris:\u00a0Sp\u00f8rg i butikken, email butik@orsiivik.gl eller p\u00e5 tlf. 32 83 93<br \/>\n<a href=\"http:\/\/www.orsiivik.gl\/wp-content\/uploads\/2010\/12\/eka-penknife-swede10orange1.jpg\"><img loading=\"lazy\" decoding=\"async\" class=\"alignnone size-medium wp-image-1349\" title=\"eka-penknife-swede10orange\" src=\"http:\/\/www.orsiivik.gl\/wp-content\/uploads\/2010\/12\/eka-penknife-swede10orange1-300x218.jpg\" alt=\"\" width=\"300\" height=\"218\" srcset=\"http:\/\/www.orsiivik.gl\/wp-content\/uploads\/2010\/12\/eka-penknife-swede10orange1-300x218.jpg 300w, http:\/\/www.orsiivik.gl\/wp-content\/uploads\/2010\/12\/eka-penknife-swede10orange1.jpg 450w\" sizes=\"auto, (max-width: 300px) 100vw, 300px\" \/><\/a><\/p>\n<hr \/>\n<p>Model: Eka Swede 10 Sort<br \/>\nInfo: Dejlig fritids lommekniv med solidt gummigreb.<br \/>\nPris:\u00a0Sp\u00f8rg i butikken, email butik@orsiivik.gl eller p\u00e5 tlf. 32 83 93<br \/>\n<a href=\"http:\/\/www.orsiivik.gl\/wp-content\/uploads\/2010\/12\/swede10black1.jpg\"><img loading=\"lazy\" decoding=\"async\" class=\"alignnone size-medium wp-image-1350\" title=\"swede10black\" src=\"http:\/\/www.orsiivik.gl\/wp-content\/uploads\/2010\/12\/swede10black1-300x210.jpg\" alt=\"\" width=\"300\" height=\"210\" srcset=\"http:\/\/www.orsiivik.gl\/wp-content\/uploads\/2010\/12\/swede10black1-300x210.jpg 300w, http:\/\/www.orsiivik.gl\/wp-content\/uploads\/2010\/12\/swede10black1.jpg 450w\" sizes=\"auto, (max-width: 300px) 100vw, 300px\" \/><\/a><\/p>\n<hr \/>\n<p>Model: Eka Swede 8 Orange<br \/>\nInfo: Dejlig fritids lommekniv med solidt gummigreb.<br \/>\nPris:\u00a0Sp\u00f8rg i butikken, email butik@orsiivik.gl eller p\u00e5 tlf. 32 83 93<br \/>\n<a href=\"http:\/\/www.orsiivik.gl\/wp-content\/uploads\/2010\/12\/eka-swede8-orange1.jpg\"><img loading=\"lazy\" decoding=\"async\" class=\"alignnone size-medium wp-image-1351\" title=\"OLYMPUS DIGITAL CAMERA\" src=\"http:\/\/www.orsiivik.gl\/wp-content\/uploads\/2010\/12\/eka-swede8-orange1-300x210.jpg\" alt=\"\" width=\"300\" height=\"210\" srcset=\"http:\/\/www.orsiivik.gl\/wp-content\/uploads\/2010\/12\/eka-swede8-orange1-300x210.jpg 300w, http:\/\/www.orsiivik.gl\/wp-content\/uploads\/2010\/12\/eka-swede8-orange1.jpg 450w\" sizes=\"auto, (max-width: 300px) 100vw, 300px\" \/><\/a><\/p>\n<hr \/>\n<p>Model: Eka Swede 8 Sort<br \/>\nInfo: Dejlig fritids lommekniv med solidt gummigreb.<br \/>\nPris:\u00a0Sp\u00f8rg i butikken, email butik@orsiivik.gl eller p\u00e5 tlf. 32 83 93<br \/>\n<a href=\"http:\/\/www.orsiivik.gl\/wp-content\/uploads\/2010\/12\/eka-swede8-sort1.jpg\"><img loading=\"lazy\" decoding=\"async\" class=\"alignnone size-medium wp-image-1353\" title=\"eka-swede8-sort\" src=\"http:\/\/www.orsiivik.gl\/wp-content\/uploads\/2010\/12\/eka-swede8-sort1-300x209.jpg\" alt=\"\" width=\"300\" height=\"209\" srcset=\"http:\/\/www.orsiivik.gl\/wp-content\/uploads\/2010\/12\/eka-swede8-sort1-300x209.jpg 300w, http:\/\/www.orsiivik.gl\/wp-content\/uploads\/2010\/12\/eka-swede8-sort1.jpg 450w\" sizes=\"auto, (max-width: 300px) 100vw, 300px\" \/><\/a><\/p>\n<hr \/>\n<p>Model: Eka Swede 10 Wood<br \/>\nInfo: Dejlig fritids lommekniv i tr\u00e6. Inkl. Cordura knivskede<br \/>\nPris:\u00a0Sp\u00f8rg i butikken, email butik@orsiivik.gl eller p\u00e5 tlf. 32 83 93<br \/>\n<a href=\"http:\/\/www.orsiivik.gl\/wp-content\/uploads\/2010\/12\/eka-penknife-swede10wood1.jpg\"><img loading=\"lazy\" decoding=\"async\" class=\"alignnone size-medium wp-image-1354\" title=\"eka-penknife-swede10wood\" src=\"http:\/\/www.orsiivik.gl\/wp-content\/uploads\/2010\/12\/eka-penknife-swede10wood1-300x200.jpg\" alt=\"\" width=\"300\" height=\"200\" srcset=\"http:\/\/www.orsiivik.gl\/wp-content\/uploads\/2010\/12\/eka-penknife-swede10wood1-300x200.jpg 300w, http:\/\/www.orsiivik.gl\/wp-content\/uploads\/2010\/12\/eka-penknife-swede10wood1.jpg 450w\" sizes=\"auto, (max-width: 300px) 100vw, 300px\" \/><\/a><\/p>\n<hr \/>\n<p>Model: Eka Jof 7 Bubinga<br \/>\nInfo: Dejlig jagt og fritids kniv,\u00a0 med en god ergonomi. Inkl. L\u00e6derskede.<br \/>\nPris:\u00a0Sp\u00f8rg i butikken, email butik@orsiivik.gl eller p\u00e5 tlf. 32 83 93<br \/>\n<a href=\"http:\/\/www.orsiivik.gl\/wp-content\/uploads\/2010\/12\/eka-jof7-bubinga1.jpg\"><img loading=\"lazy\" decoding=\"async\" class=\"alignnone size-medium wp-image-1355\" title=\"eka-jof7-bubinga\" src=\"http:\/\/www.orsiivik.gl\/wp-content\/uploads\/2010\/12\/eka-jof7-bubinga1-300x200.jpg\" alt=\"\" width=\"300\" height=\"200\" srcset=\"http:\/\/www.orsiivik.gl\/wp-content\/uploads\/2010\/12\/eka-jof7-bubinga1-300x200.jpg 300w, http:\/\/www.orsiivik.gl\/wp-content\/uploads\/2010\/12\/eka-jof7-bubinga1.jpg 450w\" sizes=\"auto, (max-width: 300px) 100vw, 300px\" \/><\/a><\/p>\n<hr \/>\n<p>Model: Eka Jof 7 Masur<br \/>\nInfo: Dejlig jagt og fritids kniv,\u00a0 med en god ergonomi. Inkl. L\u00e6derskede<br \/>\nPris:\u00a0Sp\u00f8rg i butikken, email butik@orsiivik.gl eller p\u00e5 tlf. 32 83 93<br \/>\n<a href=\"http:\/\/www.orsiivik.gl\/wp-content\/uploads\/2010\/12\/Eka-Jof7-Masur1.jpg\"><img loading=\"lazy\" decoding=\"async\" class=\"alignnone size-medium wp-image-1356\" title=\"Eka-Jof7-Masur\" src=\"http:\/\/www.orsiivik.gl\/wp-content\/uploads\/2010\/12\/Eka-Jof7-Masur1-300x200.jpg\" alt=\"\" width=\"300\" height=\"200\" srcset=\"http:\/\/www.orsiivik.gl\/wp-content\/uploads\/2010\/12\/Eka-Jof7-Masur1-300x200.jpg 300w, http:\/\/www.orsiivik.gl\/wp-content\/uploads\/2010\/12\/Eka-Jof7-Masur1.jpg 450w\" sizes=\"auto, (max-width: 300px) 100vw, 300px\" \/><\/a><\/p>\n<hr \/>\n<p>Model: Eka H8 Nordic<br \/>\nInfo: Dejlig jagt og fritids kniv,\u00a0 med en god ergonomi. Inkl. L\u00e6derskede<br \/>\nPris:\u00a0Sp\u00f8rg i butikken, email butik@orsiivik.gl eller p\u00e5 tlf. 32 83 93<br \/>\n<a href=\"http:\/\/www.orsiivik.gl\/wp-content\/uploads\/2010\/12\/Eka-H8-Nordic1.jpg\"><img loading=\"lazy\" decoding=\"async\" class=\"alignnone size-medium wp-image-1357\" title=\"Eka-H8-Nordic\" src=\"http:\/\/www.orsiivik.gl\/wp-content\/uploads\/2010\/12\/Eka-H8-Nordic1-300x196.jpg\" alt=\"\" width=\"300\" height=\"196\" srcset=\"http:\/\/www.orsiivik.gl\/wp-content\/uploads\/2010\/12\/Eka-H8-Nordic1-300x196.jpg 300w, http:\/\/www.orsiivik.gl\/wp-content\/uploads\/2010\/12\/Eka-H8-Nordic1.jpg 600w\" sizes=\"auto, (max-width: 300px) 100vw, 300px\" \/><\/a><\/p>\n","protected":false},"excerpt":{"rendered":"<p>Vi yder 10 \u00e5rs garanti p\u00e5 alle EKA knive.\u00a0 Model: Eka FishBlade Info: Nyhed fra Eka, fillet\/fiskekniv med bug\u00e5bner inklusiv knivskede. Pris: Sp\u00f8rg i butikken, email butik@orsiivik.gl eller p\u00e5 tlf. 32 83 93 Er kun p\u00e5 lager i disse farver: Gr\u00f8n, Orange og Gr\u00f8n Model: Eka Swing Blade Orange farve Info: Den ultimative jagtkniv, med [&hellip;]<\/p>\n","protected":false},"author":4,"featured_media":0,"parent":5,"menu_order":1,"comment_status":"closed","ping_status":"closed","template":"","meta":{"footnotes":"","_links_to":"","_links_to_target":""},"class_list":["post-187","page","type-page","status-publish","hentry"],"_links":{"self":[{"href":"http:\/\/www.orsiivik.gl\/index.php?rest_route=\/wp\/v2\/pages\/187","targetHints":{"allow":["GET"]}}],"collection":[{"href":"http:\/\/www.orsiivik.gl\/index.php?rest_route=\/wp\/v2\/pages"}],"about":[{"href":"http:\/\/www.orsiivik.gl\/index.php?rest_route=\/wp\/v2\/types\/page"}],"author":[{"embeddable":true,"href":"http:\/\/www.orsiivik.gl\/index.php?rest_route=\/wp\/v2\/users\/4"}],"replies":[{"embeddable":true,"href":"http:\/\/www.orsiivik.gl\/index.php?rest_route=%2Fwp%2Fv2%2Fcomments&post=187"}],"version-history":[{"count":29,"href":"http:\/\/www.orsiivik.gl\/index.php?rest_route=\/wp\/v2\/pages\/187\/revisions"}],"predecessor-version":[{"id":2850,"href":"http:\/\/www.orsiivik.gl\/index.php?rest_route=\/wp\/v2\/pages\/187\/revisions\/2850"}],"up":[{"embeddable":true,"href":"http:\/\/www.orsiivik.gl\/index.php?rest_route=\/wp\/v2\/pages\/5"}],"wp:attachment":[{"href":"http:\/\/www.orsiivik.gl\/index.php?rest_route=%2Fwp%2Fv2%2Fmedia&parent=187"}],"curies":[{"name":"wp","href":"https:\/\/api.w.org\/{rel}","templated":true}]}}