{"id":229,"date":"2010-12-17T16:06:06","date_gmt":"2010-12-17T16:06:06","guid":{"rendered":"http:\/\/www.orsiivik.gl\/?page_id=229"},"modified":"2016-11-10T18:40:24","modified_gmt":"2016-11-10T18:40:24","slug":"fallkniven","status":"publish","type":"page","link":"http:\/\/www.orsiivik.gl\/?page_id=229","title":{"rendered":"F\u00e4llkniven"},"content":{"rendered":"<div>\n<p>Model:\u00a0TK5<br \/>\nInfo: Lille og handy jagtkniv<br \/>\nPris: Sp\u00f8rg i butikken, email butik@orsiivik.gl eller p\u00e5 tlf. 32 83 93<br \/>\nArt: Tre Kronor 5 &#8211; de Lux Hunter<\/p>\n<p><a href=\"http:\/\/www.orsiivik.gl\/wp-content\/uploads\/2010\/12\/tk5.jpg\"><img loading=\"lazy\" decoding=\"async\" title=\"tk5\" src=\"http:\/\/www.orsiivik.gl\/wp-content\/uploads\/2010\/12\/tk5.jpg\" alt=\"\" width=\"450\" height=\"200\" \/><\/a><\/p>\n<hr \/>\n<p>Model:\u00a0TK6<br \/>\nInfo: Lille og handy jagtkniv<br \/>\nPris: Sp\u00f8rg i butikken, email butik@orsiivik.gl eller p\u00e5 tlf. 32 83 93<br \/>\nArt: Tre Kronor 6 &#8211; Hunter<\/p>\n<p><a href=\"http:\/\/www.orsiivik.gl\/wp-content\/uploads\/2010\/12\/tk6.jpg\"><img loading=\"lazy\" decoding=\"async\" title=\"tk6\" src=\"http:\/\/www.orsiivik.gl\/wp-content\/uploads\/2010\/12\/tk6.jpg\" alt=\"\" width=\"450\" height=\"200\" \/><\/a><\/p>\n<hr \/>\n<p>Model:\u00a0NL3<br \/>\nInfo: Flot jagtkniv med l\u00e6der sk\u00e6fte<br \/>\nPris: Sp\u00f8rg i butikken, email butik@orsiivik.gl eller p\u00e5 tlf. 32 83 93<br \/>\nArt: NL3 Njord<\/p>\n<p><a href=\"http:\/\/www.orsiivik.gl\/wp-content\/uploads\/2010\/12\/nl3-web1.jpg\"><img loading=\"lazy\" decoding=\"async\" title=\"nl3-web\" src=\"http:\/\/www.orsiivik.gl\/wp-content\/uploads\/2010\/12\/nl3-web1.jpg\" alt=\"\" width=\"450\" height=\"200\" \/><\/a><\/p>\n<hr \/>\n<p>Modl:\u00a0F1<br \/>\nInfo: Jagt og overlevelseskniv, den bruges blandt andet af det svenske flyvev\u00e5ben som standard overlevelses kniv<br \/>\nPris: Sp\u00f8rg i butikken, email butik@orsiivik.gl eller p\u00e5 tlf. 32 83 93<br \/>\nArt: H\u00e5rdf\u00f8r Jagt og overlevelseskniv<br \/>\n<a href=\"http:\/\/www.orsiivik.gl\/wp-content\/uploads\/2010\/12\/f11.jpg\"><img loading=\"lazy\" decoding=\"async\" title=\"f1\" src=\"http:\/\/www.orsiivik.gl\/wp-content\/uploads\/2010\/12\/f11.jpg\" alt=\"\" width=\"450\" height=\"200\" \/><\/a><\/p>\n<hr \/>\n<p>Modl:\u00a0H1<br \/>\nInfo: Jagt kniv med traditionel skandinavisk look<br \/>\nPris: Sp\u00f8rg i butikken, email butik@orsiivik.gl eller p\u00e5 tlf. 32 83 93<br \/>\nArt:\u00a0Jagtkniv<br \/>\n<a href=\"http:\/\/www.orsiivik.gl\/wp-content\/uploads\/2010\/12\/h1.jpg\"><img loading=\"lazy\" decoding=\"async\" class=\"alignnone size-medium wp-image-135\" title=\"h1\" src=\"http:\/\/www.orsiivik.gl\/wp-content\/uploads\/2010\/12\/h1-300x133.jpg\" alt=\"\" width=\"300\" height=\"133\" srcset=\"http:\/\/www.orsiivik.gl\/wp-content\/uploads\/2010\/12\/h1-300x133.jpg 300w, http:\/\/www.orsiivik.gl\/wp-content\/uploads\/2010\/12\/h1.jpg 450w\" sizes=\"auto, (max-width: 300px) 100vw, 300px\" \/><\/a><\/p>\n<hr \/>\n<p>Modl:\u00a0PHK med 3G St\u00e5l inklusiv Zytel skede med diamantslibesten<br \/>\nInfo: Stor vild j\u00e6gerenskniv, specielt designet for elgjagt, kan varmt anbefales til is\u00e6r Moskusoksejagt, hvor den holder sk\u00e6ret l\u00e6nge.<br \/>\nPris: Sp\u00f8rg i butikken, email butik@orsiivik.gl eller p\u00e5 tlf. 32 83 93<br \/>\nArt: H\u00e5rdf\u00f8r jagtkniv<br \/>\n<a href=\"http:\/\/www.orsiivik.gl\/wp-content\/uploads\/2010\/12\/phk.jpg\"><img loading=\"lazy\" decoding=\"async\" class=\"alignnone size-medium wp-image-146\" title=\"phk\" src=\"http:\/\/www.orsiivik.gl\/wp-content\/uploads\/2010\/12\/phk-300x133.jpg\" alt=\"\" width=\"300\" height=\"133\" srcset=\"http:\/\/www.orsiivik.gl\/wp-content\/uploads\/2010\/12\/phk-300x133.jpg 300w, http:\/\/www.orsiivik.gl\/wp-content\/uploads\/2010\/12\/phk.jpg 450w\" sizes=\"auto, (max-width: 300px) 100vw, 300px\" \/><\/a><\/p>\n<hr \/>\n<p>Modl:\u00a0U2 med VG10 St\u00e5l<br \/>\nInfo: Eksklusiv lommekniv<br \/>\nPris: Sp\u00f8rg i butikken, email butik@orsiivik.gl eller p\u00e5 tlf. 32 83 93<br \/>\nArt: U2<br \/>\n<a href=\"http:\/\/www.orsiivik.gl\/wp-content\/uploads\/2010\/12\/u2.jpg\"><img loading=\"lazy\" decoding=\"async\" class=\"alignnone size-medium wp-image-154\" title=\"u2\" src=\"http:\/\/www.orsiivik.gl\/wp-content\/uploads\/2010\/12\/u2-300x133.jpg\" alt=\"\" width=\"300\" height=\"133\" srcset=\"http:\/\/www.orsiivik.gl\/wp-content\/uploads\/2010\/12\/u2-300x133.jpg 300w, http:\/\/www.orsiivik.gl\/wp-content\/uploads\/2010\/12\/u2.jpg 450w\" sizes=\"auto, (max-width: 300px) 100vw, 300px\" \/><\/a><\/p>\n<\/div>\n","protected":false},"excerpt":{"rendered":"<p>Model:\u00a0TK5 Info: Lille og handy jagtkniv Pris: Sp\u00f8rg i butikken, email butik@orsiivik.gl eller p\u00e5 tlf. 32 83 93 Art: Tre Kronor 5 &#8211; de Lux Hunter Model:\u00a0TK6 Info: Lille og handy jagtkniv Pris: Sp\u00f8rg i butikken, email butik@orsiivik.gl eller p\u00e5 tlf. 32 83 93 Art: Tre Kronor 6 &#8211; Hunter Model:\u00a0NL3 Info: Flot jagtkniv med [&hellip;]<\/p>\n","protected":false},"author":1,"featured_media":0,"parent":5,"menu_order":3,"comment_status":"closed","ping_status":"closed","template":"","meta":{"footnotes":"","_links_to":"","_links_to_target":""},"class_list":["post-229","page","type-page","status-publish","hentry"],"_links":{"self":[{"href":"http:\/\/www.orsiivik.gl\/index.php?rest_route=\/wp\/v2\/pages\/229","targetHints":{"allow":["GET"]}}],"collection":[{"href":"http:\/\/www.orsiivik.gl\/index.php?rest_route=\/wp\/v2\/pages"}],"about":[{"href":"http:\/\/www.orsiivik.gl\/index.php?rest_route=\/wp\/v2\/types\/page"}],"author":[{"embeddable":true,"href":"http:\/\/www.orsiivik.gl\/index.php?rest_route=\/wp\/v2\/users\/1"}],"replies":[{"embeddable":true,"href":"http:\/\/www.orsiivik.gl\/index.php?rest_route=%2Fwp%2Fv2%2Fcomments&post=229"}],"version-history":[{"count":11,"href":"http:\/\/www.orsiivik.gl\/index.php?rest_route=\/wp\/v2\/pages\/229\/revisions"}],"predecessor-version":[{"id":2853,"href":"http:\/\/www.orsiivik.gl\/index.php?rest_route=\/wp\/v2\/pages\/229\/revisions\/2853"}],"up":[{"embeddable":true,"href":"http:\/\/www.orsiivik.gl\/index.php?rest_route=\/wp\/v2\/pages\/5"}],"wp:attachment":[{"href":"http:\/\/www.orsiivik.gl\/index.php?rest_route=%2Fwp%2Fv2%2Fmedia&parent=229"}],"curies":[{"name":"wp","href":"https:\/\/api.w.org\/{rel}","templated":true}]}}