{"id":1053,"date":"2011-05-16T18:28:39","date_gmt":"2011-05-16T18:28:39","guid":{"rendered":"http:\/\/www.orsiivik.gl\/?page_id=1053"},"modified":"2016-11-10T19:11:37","modified_gmt":"2016-11-10T19:11:37","slug":"braendere-og-kogegrej","status":"publish","type":"page","link":"https:\/\/www.orsiivik.gl\/?page_id=1053","title":{"rendered":"Br\u00e6ndere og kogegrej"},"content":{"rendered":"<p>Nyheder:<\/p>\n<p><img loading=\"lazy\" decoding=\"async\" class=\"alignnone size-full wp-image-1047\" title=\"primus\" src=\"http:\/\/www.orsiivik.gl\/wp-content\/uploads\/2010\/12\/primus.jpg\" alt=\"\" width=\"424\" height=\"283\" srcset=\"https:\/\/www.orsiivik.gl\/wp-content\/uploads\/2010\/12\/primus.jpg 424w, https:\/\/www.orsiivik.gl\/wp-content\/uploads\/2010\/12\/primus-300x200.jpg 300w\" sizes=\"auto, (max-width: 424px) 100vw, 424px\" \/><\/p>\n<p><strong>Model:<\/strong> Optimus Nova+ Multi fuel br\u00e6nder<br \/>\n<strong>Info: <\/strong>Hvorfor \u00e6ndre p\u00e5 en succes? For at g\u00f8re den til en endnu st\u00f8rre succes!<br \/>\nDen nye Optimus NOVA+ er den gamle kendte multifuelbr\u00e6nder + et par meget interessante tilf\u00f8jelser. Bl.a. en ny patenteret PowerLine br\u00e6ndstofregulering der giver en pr\u00e6cis regulering og en konstant flamme i en sikker afstand fra br\u00e6nderen.<br \/>\nOptimus NOVA+ har desuden indbygget Magictm magnetisk rensen\u00e5l der renser br\u00e6nderen uden besv\u00e6r, og tre kraftige f\u00f8dder, der giver en god stabilitet til selv store gryder.<br \/>\nOptimus NOVA+ leveres i nylonpose inkl. vindsk\u00e6rm og v\u00e6rkt\u00f8j.<br \/>\nEffekt: 2.850 Watt Br\u00e6ndstof anbefalet; Rensebenzin, Petroleum og Diesel.<br \/>\nKogetid (1 L vand): 3,5 min.<br \/>\nBr\u00e6ndstof\u00f8konomi: Op til 2 timer p\u00e5 max. med 450 ml. br\u00e6ndstof.<br \/>\nV\u00e6gt: 425 gram inkl. pumpe<br \/>\n<strong>Pris:<\/strong> Sp\u00f8rg i butikken, email butik@orsiivik.gl eller p\u00e5 tlf. 32 83 93<br \/>\n<strong>Art: <\/strong>Multi fuel br\u00e6nder<br \/>\n<a href=\"http:\/\/www.orsiivik.gl\/wp-content\/uploads\/2011\/05\/OptimusNovaPlus.jpg\"><img loading=\"lazy\" decoding=\"async\" class=\"alignnone size-medium wp-image-1136\" title=\"OptimusNovaPlus\" src=\"http:\/\/www.orsiivik.gl\/wp-content\/uploads\/2011\/05\/OptimusNovaPlus-300x155.jpg\" alt=\"\" width=\"300\" height=\"155\" srcset=\"https:\/\/www.orsiivik.gl\/wp-content\/uploads\/2011\/05\/OptimusNovaPlus-300x155.jpg 300w, https:\/\/www.orsiivik.gl\/wp-content\/uploads\/2011\/05\/OptimusNovaPlus.jpg 400w\" sizes=\"auto, (max-width: 300px) 100vw, 300px\" \/><\/a><\/p>\n<p>&nbsp;<\/p>\n<p><strong>Model:<\/strong> Optimus Br\u00e6ndstof flasker<br \/>\n<strong>Info: <\/strong>Vi lagerf\u00f8rer kun 0,6l og 1,0l br\u00e6ndstof flasker<br \/>\n<strong>Pris:<\/strong> Sp\u00f8rg i butikken, email butik@orsiivik.gl eller p\u00e5 tlf. 32 83 93<br \/>\n<strong>Art: <\/strong>Alu Br\u00e6ndstof flasker for Optimus Nova+<br \/>\n<a href=\"http:\/\/www.orsiivik.gl\/wp-content\/uploads\/2011\/05\/Optimus-fuel-bottle.png\"><img loading=\"lazy\" decoding=\"async\" class=\"alignnone size-full wp-image-1140\" title=\"Optimus-fuel-bottle\" src=\"http:\/\/www.orsiivik.gl\/wp-content\/uploads\/2011\/05\/Optimus-fuel-bottle.png\" alt=\"\" width=\"300\" height=\"300\" srcset=\"https:\/\/www.orsiivik.gl\/wp-content\/uploads\/2011\/05\/Optimus-fuel-bottle.png 300w, https:\/\/www.orsiivik.gl\/wp-content\/uploads\/2011\/05\/Optimus-fuel-bottle-150x150.png 150w\" sizes=\"auto, (max-width: 300px) 100vw, 300px\" \/><\/a><\/p>\n<p>&nbsp;<\/p>\n<p><strong>Model:<\/strong> Optimus Cruz gasbr\u00e6nder<br \/>\n<strong>Info: <\/strong>Super kompakt letv\u00e6gtsgasbr\u00e6nder der kan foldes sammen og transporteres i hulrummet under gasd\u00e5sen.<br \/>\nKogetid: 1 liter p\u00e5 cirka 3 minutter. Effekt 3.000 Watt<br \/>\nBr\u00e6nderhoved: 50 mm<br \/>\nSt\u00f8rrelse sammenfoldet: 84 x 57 x 31 mm<br \/>\nBr\u00e6ndetid: op til 60 minutter p\u00e5 220 gram gasd\u00e5se<br \/>\nV\u00e6gt: 93 gram<br \/>\n<strong>Pris:<\/strong> Sp\u00f8rg i butikken, email butik@orsiivik.gl eller p\u00e5 tlf. 32 83 93<br \/>\n<strong>Art: <\/strong>Gasbr\u00e6nder<br \/>\n<a href=\"http:\/\/www.orsiivik.gl\/wp-content\/uploads\/2011\/05\/Optimus-Cruz.jpg\"><img loading=\"lazy\" decoding=\"async\" class=\"alignnone size-medium wp-image-1143\" title=\"Optimus-Cruz\" src=\"http:\/\/www.orsiivik.gl\/wp-content\/uploads\/2011\/05\/Optimus-Cruz-234x300.jpg\" alt=\"\" width=\"234\" height=\"300\" srcset=\"https:\/\/www.orsiivik.gl\/wp-content\/uploads\/2011\/05\/Optimus-Cruz-234x300.jpg 234w, https:\/\/www.orsiivik.gl\/wp-content\/uploads\/2011\/05\/Optimus-Cruz-800x1024.jpg 800w, https:\/\/www.orsiivik.gl\/wp-content\/uploads\/2011\/05\/Optimus-Cruz.jpg 1360w\" sizes=\"auto, (max-width: 234px) 100vw, 234px\" \/><\/a><\/p>\n<p><strong>Model:<\/strong> Optimus 230grams gasd\u00e5se<br \/>\n<strong>Pris:<\/strong> Sp\u00f8rg i butikken, email butik@orsiivik.gl eller p\u00e5 tlf. 32 83 93<br \/>\n<strong>Art: <\/strong>Gasd\u00e5se for Optimus Cruz og diverse Gasbr\u00e6ndere med gevind<br \/>\n<a href=\"http:\/\/www.orsiivik.gl\/wp-content\/uploads\/2011\/05\/optimus-gas-230g-butaneisobutanepropan.jpg\"><img loading=\"lazy\" decoding=\"async\" class=\"alignnone size-medium wp-image-1145\" title=\"optimus-gas-230g-butaneisobutanepropan\" src=\"http:\/\/www.orsiivik.gl\/wp-content\/uploads\/2011\/05\/optimus-gas-230g-butaneisobutanepropan-300x251.jpg\" alt=\"\" width=\"300\" height=\"251\" srcset=\"https:\/\/www.orsiivik.gl\/wp-content\/uploads\/2011\/05\/optimus-gas-230g-butaneisobutanepropan-300x251.jpg 300w, https:\/\/www.orsiivik.gl\/wp-content\/uploads\/2011\/05\/optimus-gas-230g-butaneisobutanepropan.jpg 567w\" sizes=\"auto, (max-width: 300px) 100vw, 300px\" \/><\/a><\/p>\n<p>&nbsp;<\/p>\n<p><strong>Model:<\/strong> FireMaple 2-3 personers Alu-grydes\u00e6t (UDSOLGT)<br \/>\n<strong>Info: <\/strong>Letv\u00e6gts koges\u00e6t best\u00e5ende af to kasseroller med l\u00e5g og pande. S\u00e6ttet kan pakkes sammen i den store kasserolle. Meget h\u00e5rd overflade, der er nem og reng\u00f8re. Leveres med grydesvamp, stor ske og tre sk\u00e5le.<br \/>\n<strong>Pris:<\/strong> Sp\u00f8rg i butikken, email butik@orsiivik.gl eller p\u00e5 tlf. 32 83 93<br \/>\n<strong>Art: <\/strong>Alu grydes\u00e6t for 2-3 personer, v\u00e6gt 710gram<br \/>\n<a href=\"http:\/\/www.orsiivik.gl\/wp-content\/uploads\/2011\/05\/Firemaple-2-32.jpg\"><img loading=\"lazy\" decoding=\"async\" class=\"alignnone size-medium wp-image-1150\" title=\"Firemaple-2-3\" src=\"http:\/\/www.orsiivik.gl\/wp-content\/uploads\/2011\/05\/Firemaple-2-32-300x277.jpg\" alt=\"\" width=\"300\" height=\"277\" srcset=\"https:\/\/www.orsiivik.gl\/wp-content\/uploads\/2011\/05\/Firemaple-2-32-300x277.jpg 300w, https:\/\/www.orsiivik.gl\/wp-content\/uploads\/2011\/05\/Firemaple-2-32.jpg 500w\" sizes=\"auto, (max-width: 300px) 100vw, 300px\" \/><\/a><\/p>\n","protected":false},"excerpt":{"rendered":"<p>Nyheder: Model: Optimus Nova+ Multi fuel br\u00e6nder Info: Hvorfor \u00e6ndre p\u00e5 en succes? For at g\u00f8re den til en endnu st\u00f8rre succes! Den nye Optimus NOVA+ er den gamle kendte multifuelbr\u00e6nder + et par meget interessante tilf\u00f8jelser. Bl.a. en ny patenteret PowerLine br\u00e6ndstofregulering der giver en pr\u00e6cis regulering og en konstant flamme i en sikker [&hellip;]<\/p>\n","protected":false},"author":1,"featured_media":0,"parent":11,"menu_order":0,"comment_status":"closed","ping_status":"closed","template":"","meta":{"footnotes":"","_links_to":"","_links_to_target":""},"class_list":["post-1053","page","type-page","status-publish","hentry"],"_links":{"self":[{"href":"https:\/\/www.orsiivik.gl\/index.php?rest_route=\/wp\/v2\/pages\/1053","targetHints":{"allow":["GET"]}}],"collection":[{"href":"https:\/\/www.orsiivik.gl\/index.php?rest_route=\/wp\/v2\/pages"}],"about":[{"href":"https:\/\/www.orsiivik.gl\/index.php?rest_route=\/wp\/v2\/types\/page"}],"author":[{"embeddable":true,"href":"https:\/\/www.orsiivik.gl\/index.php?rest_route=\/wp\/v2\/users\/1"}],"replies":[{"embeddable":true,"href":"https:\/\/www.orsiivik.gl\/index.php?rest_route=%2Fwp%2Fv2%2Fcomments&post=1053"}],"version-history":[{"count":15,"href":"https:\/\/www.orsiivik.gl\/index.php?rest_route=\/wp\/v2\/pages\/1053\/revisions"}],"predecessor-version":[{"id":2870,"href":"https:\/\/www.orsiivik.gl\/index.php?rest_route=\/wp\/v2\/pages\/1053\/revisions\/2870"}],"up":[{"embeddable":true,"href":"https:\/\/www.orsiivik.gl\/index.php?rest_route=\/wp\/v2\/pages\/11"}],"wp:attachment":[{"href":"https:\/\/www.orsiivik.gl\/index.php?rest_route=%2Fwp%2Fv2%2Fmedia&parent=1053"}],"curies":[{"name":"wp","href":"https:\/\/api.w.org\/{rel}","templated":true}]}}