{"id":5,"date":"2010-12-10T17:05:49","date_gmt":"2010-12-10T17:05:49","guid":{"rendered":"http:\/\/www.orsiivik.gl\/?page_id=5"},"modified":"2016-07-14T17:25:38","modified_gmt":"2016-07-14T17:25:38","slug":"knive","status":"publish","type":"page","link":"https:\/\/www.orsiivik.gl\/?page_id=5","title":{"rendered":"Knive"},"content":{"rendered":"<p>Vi har f\u00f8lgende m\u00e6rker:<\/p>\n<p>Eka Knive:<br \/>\n<a href=\"http:\/\/www.orsiivik.gl\/?page_id=187\"><img loading=\"lazy\" decoding=\"async\" class=\"alignnone size-full wp-image-243\" title=\"1Eka\" src=\"http:\/\/www.orsiivik.gl\/wp-content\/uploads\/2010\/12\/1Eka.jpg\" alt=\"\" width=\"424\" height=\"283\" srcset=\"https:\/\/www.orsiivik.gl\/wp-content\/uploads\/2010\/12\/1Eka.jpg 424w, https:\/\/www.orsiivik.gl\/wp-content\/uploads\/2010\/12\/1Eka-300x200.jpg 300w\" sizes=\"auto, (max-width: 424px) 100vw, 424px\" \/><\/a><\/p>\n<p>Buck Knive:<\/p>\n<p><a href=\"http:\/\/www.orsiivik.gl\/?page_id=224\"><img loading=\"lazy\" decoding=\"async\" class=\"alignnone size-full wp-image-241\" title=\"1Buck\" src=\"http:\/\/www.orsiivik.gl\/wp-content\/uploads\/2010\/12\/1Buck.jpg\" alt=\"\" width=\"424\" height=\"283\" srcset=\"https:\/\/www.orsiivik.gl\/wp-content\/uploads\/2010\/12\/1Buck.jpg 424w, https:\/\/www.orsiivik.gl\/wp-content\/uploads\/2010\/12\/1Buck-300x200.jpg 300w\" sizes=\"auto, (max-width: 424px) 100vw, 424px\" \/><\/a><\/p>\n<p>F\u00e4llkniven Knive:<br \/>\n<a href=\"http:\/\/www.orsiivik.gl\/?page_id=229\"><img loading=\"lazy\" decoding=\"async\" title=\"1fallkniven\" src=\"http:\/\/www.orsiivik.gl\/wp-content\/uploads\/2010\/12\/1fallkniven.jpg\" alt=\"\" width=\"424\" height=\"283\" \/><\/a><\/p>\n<p>Gerber Knive:<br \/>\n<a href=\"http:\/\/www.orsiivik.gl\/?page_id=222\"><img loading=\"lazy\" decoding=\"async\" title=\"1Gerber\" src=\"http:\/\/www.orsiivik.gl\/wp-content\/uploads\/2010\/12\/1Gerber.jpg\" alt=\"\" width=\"424\" height=\"283\" \/><\/a><\/p>\n","protected":false},"excerpt":{"rendered":"<p>Vi har f\u00f8lgende m\u00e6rker: Eka Knive: Buck Knive: F\u00e4llkniven Knive: Gerber Knive:<\/p>\n","protected":false},"author":1,"featured_media":1245,"parent":2445,"menu_order":2,"comment_status":"closed","ping_status":"closed","template":"","meta":{"footnotes":"","_links_to":"","_links_to_target":""},"class_list":["post-5","page","type-page","status-publish","has-post-thumbnail","hentry"],"_links":{"self":[{"href":"https:\/\/www.orsiivik.gl\/index.php?rest_route=\/wp\/v2\/pages\/5","targetHints":{"allow":["GET"]}}],"collection":[{"href":"https:\/\/www.orsiivik.gl\/index.php?rest_route=\/wp\/v2\/pages"}],"about":[{"href":"https:\/\/www.orsiivik.gl\/index.php?rest_route=\/wp\/v2\/types\/page"}],"author":[{"embeddable":true,"href":"https:\/\/www.orsiivik.gl\/index.php?rest_route=\/wp\/v2\/users\/1"}],"replies":[{"embeddable":true,"href":"https:\/\/www.orsiivik.gl\/index.php?rest_route=%2Fwp%2Fv2%2Fcomments&post=5"}],"version-history":[{"count":36,"href":"https:\/\/www.orsiivik.gl\/index.php?rest_route=\/wp\/v2\/pages\/5\/revisions"}],"predecessor-version":[{"id":2824,"href":"https:\/\/www.orsiivik.gl\/index.php?rest_route=\/wp\/v2\/pages\/5\/revisions\/2824"}],"up":[{"embeddable":true,"href":"https:\/\/www.orsiivik.gl\/index.php?rest_route=\/wp\/v2\/pages\/2445"}],"wp:featuredmedia":[{"embeddable":true,"href":"https:\/\/www.orsiivik.gl\/index.php?rest_route=\/wp\/v2\/media\/1245"}],"wp:attachment":[{"href":"https:\/\/www.orsiivik.gl\/index.php?rest_route=%2Fwp%2Fv2%2Fmedia&parent=5"}],"curies":[{"name":"wp","href":"https:\/\/api.w.org\/{rel}","templated":true}]}}